{"id":3,"date":"2024-07-08T17:49:35","date_gmt":"2024-07-08T15:49:35","guid":{"rendered":"https:\/\/www.ravanettiecspa.it\/?page_id=3"},"modified":"2024-07-26T16:04:54","modified_gmt":"2024-07-26T14:04:54","slug":"privacy-policy","status":"publish","type":"page","link":"https:\/\/www.ravanettiecspa.it\/it\/privacy-policy\/","title":{"rendered":"Privacy policy"},"content":{"rendered":"\n<div class=\"wp-block-group is-layout-constrained wp-container-core-group-is-layout-7a3688e9 wp-block-group-is-layout-constrained\">\n<p style=\"padding-top:var(--wp--preset--spacing--30)\"><strong>LA PRIVACY POLICY DI QUESTO SITO<\/strong><\/p>\n\n\n\n<p>Informativa sul trattamento dei dati personali (art. 13 GDPR 2016\/679)<\/p>\n\n\n\n<p style=\"padding-top:var(--wp--preset--spacing--30)\"><strong>PERCH\u00c9 QUESTO AVVISO<\/strong><\/p>\n\n\n\n<p>In questa pagina si descrivono le modalit\u00e0 di gestione del sito in riferimento al trattamento dei dati personali degli utenti che lo consultano.<br>Si tratta di un\u2019informativa che \u00e8 resa ai sensi di art. 13 del Regolamento UE 2016\/679 a coloro che interagiscono con i servizi web accessibili per via telematica a partire dall\u2019indirizzo: <a href=\"https:\/\/www.ravanettiecspa.it\/it\/\">https:\/\/www.ravanettiecspa.it\/it<\/a>\/<br>L\u2019informativa \u00e8 resa solo per il sito di Salumificio Ravanetti e C. S.r.l.&nbsp;e non anche per altri siti Web eventualmente consultati dall\u2019utente tramite link.<\/p>\n\n\n\n<p style=\"padding-top:var(--wp--preset--spacing--30)\"><strong>TITOLARE DEL TRATTAMENTO<\/strong><br>A seguito della consultazione di questo sito possono essere trattati dati relativi a persone identificate o identificabili. Il Titolare del loro trattamento \u00e8 Salumificio Ravanetti e C. S.r.l. con sede legale in Via I\u00b0 Maggio n.2, 43035 San Michele Tiorre, Felino (PR) nella persona del Legale Rappresentante.<\/p>\n\n\n\n<p style=\"padding-top:var(--wp--preset--spacing--30)\"><strong>RESPONSABILE DELLA PROTEZIONE DEI DATI<\/strong><br>La figura di Responsabile della protezione dei dati (DPO) non \u00e8 stata individuata in quanto la scrivente non effettua trattamenti di dati di persone fisiche rientranti nella definizione di art. 37 Regolamento Europeo GDPR 2016\/679.<\/p>\n\n\n\n<p style=\"padding-top:var(--wp--preset--spacing--30)\"><strong>FINALIT\u00c0 DEL TRATTAMENTO DEI DATI<\/strong><br>I trattamenti connessi ai servizi web di questo sito sono curati solo da personale tecnico, oppure da eventuali autorizzati di occasionali operazioni di manutenzione.<br>I dati personali forniti dagli utenti che inoltrano richieste di adesione ai servizi offerti sono utilizzati al solo fine di eseguire il servizio o la prestazione richiesta, e sono comunicati a terzi nel solo caso in cui ci\u00f2 sia a tal fine necessario.<\/p>\n\n\n\n<p style=\"padding-top:var(--wp--preset--spacing--30)\"><strong>MODALIT\u00c0 DEL TRATTAMENTO<\/strong><br>I dati personali sono trattati con strumenti automatizzati per il tempo strettamente necessario a conseguire gli scopi per cui sono stati raccolti. Specifiche misure di sicurezza sono osservate per prevenire la perdita dei dati, usi illeciti o non corretti e accessi non autorizzati.<\/p>\n\n\n\n<p style=\"padding-top:var(--wp--preset--spacing--30)\"><strong>CONFERIMENTO E FACOLTATIVIT\u00c0 DEL CONFERIMENTO DEI DATI<\/strong><br>A parte quanto specificato per i dati di navigazione, l\u2019utente \u00e8 libero di fornire i dati personali riportati nei moduli informatici (form) di richiesta al Titolare del trattamento per accedere ai servizi offerti.<br>Il loro mancato conferimento pu\u00f2 comportare l\u2019impossibilit\u00e0 di ottenere quanto richiesto.<\/p>\n\n\n\n<p style=\"padding-top:var(--wp--preset--spacing--30);padding-bottom:0\"><strong>COMUNICAZIONE DEI DATI<\/strong><br>I dati personali relativi al trattamento in questione non risulteranno comunicati in alcun modo a terzi.<\/p>\n\n\n\n<p style=\"padding-top:var(--wp--preset--spacing--30)\"><strong>DIFFUSIONE DEI DATI<\/strong><br>I dati personali trattati, in alcun modo, verranno portati a conoscenza di soggetti indeterminati.<br><\/p>\n\n\n\n<p style=\"padding-top:var(--wp--preset--spacing--30)\"> <strong>TRASFERIMENTO ALL\u2019ESTERO<\/strong><\/p>\n\n\n\n<p>I dati personali trattati non risulteranno trasferiti all\u2019estero.<\/p>\n\n\n\n<p style=\"padding-top:var(--wp--preset--spacing--30)\"><strong>TIPI DI DATI TRATTATI<\/strong><\/p>\n\n\n\n<p style=\"padding-top:var(--wp--preset--spacing--20)\">DATI DI NAVIGAZIONE<\/p>\n\n\n\n<p>I sistemi informatici e le procedure software preposte al funzionamento di questo sito Web acquisiscono, nel corso del loro normale esercizio, alcuni dati personali la cui trasmissione \u00e8 implicita nell\u2019uso dei protocolli di comunicazione di Internet. Si tratta di informazioni che non sono raccolte per essere associate a interessati identificati, ma che per loro stessa natura potrebbero, attraverso elaborazioni e associazioni con dati detenuti da terzi, permettere di identificare gli utenti. In questa categoria di dati rientrano gli indirizzi IP o i nomi a dominio dei computer utilizzati dagli utenti che si connettono al sito, gli indirizzi in notazione URI (Uniform Resource Identifier) delle risorse richieste, l\u2019orario della richiesta, il metodo utilizzato nel sottoporre la richiesta al server, la dimensione del file ottenuto in risposta, il codice numerico indicante lo stato della risposta data dal server (buon fine, errore, ecc.) e altri parametri relativi al sistema operativo e all\u2019ambiente informatico dell\u2019utente. Questi dati vengono utilizzati al solo fine di ricavare informazioni statistiche anonime sull\u2019uso del sito e per controllarne il corretto funzionamento e vengono cancellati immediatamente dopo l\u2019elaborazione. I dati potrebbero essere utilizzati per l\u2019accertamento di responsabilit\u00e0 in caso di ipotetici reati informatici ai danni del sito.<\/p>\n\n\n\n<p style=\"padding-top:var(--wp--preset--spacing--20)\">DATI FORNITI VOLONTARIAMENTE DALL\u2019UTENTE<\/p>\n\n\n\n<p>L\u2019invio facoltativo, esplicito e volontario di posta elettronica o altri dati attraverso i&nbsp;form&nbsp;presenti su questo sito, o attraverso gli eventuali indirizzi indicati su questo sito comporta la successiva acquisizione dell\u2019indirizzo del mittente, necessario per rispondere alle richieste, nonch\u00e9 degli eventuali altri dati personali inseriti nella missiva.<\/p>\n\n\n\n<p>Specifiche informative di sintesi verranno progressivamente riportate o visualizzate nelle pagine del sito predisposte per particolari servizi a richiesta.<\/p>\n\n\n\n<p style=\"padding-top:var(--wp--preset--spacing--20);padding-bottom:0\">COOKIE<\/p>\n\n\n\n<p>La descrizione della tipologia di cookie utilizzati, loro gestione di utilizzo e finalit\u00e0, \u00e8 rimandata al paragrafo \u201cCookie Policy\u201d nel documento pubblicato su questo sito web.<\/p>\n\n\n\n<p style=\"padding-top:var(--wp--preset--spacing--30)\"><strong>PERIODO DI CONSERVAZIONE DEI DATI:<\/strong><\/p>\n\n\n\n<p>I dati personali sono trattati con strumenti automatizzati per il tempo strettamente necessario a conseguire gli scopi per cui sono stati raccolti.<\/p>\n\n\n\n<p style=\"padding-top:var(--wp--preset--spacing--30)\"><strong>DIRITTI DELL\u2019INTERESSATO (GDPR artt. 15-22)<\/strong><\/p>\n\n\n\n<p>In ogni momento, l\u2019interessato potr\u00e0 esercitare il diritto di:<\/p>\n\n\n\n<ul class=\"wp-block-list\">\n<li>chiedere la conferma dell\u2019esistenza o meno di propri dati personali.<\/li>\n\n\n\n<li>ottenere le indicazioni circa le finalit\u00e0 del trattamento, le categorie dei dati personali, i destinatari o le categorie di destinatari a cui i dati personali sono stati o saranno comunicati e, quando possibile, il periodo di conservazione.<\/li>\n\n\n\n<li>ottenere la rettifica e la cancellazione dei dati.<\/li>\n\n\n\n<li>ottenere la limitazione del trattamento.<\/li>\n\n\n\n<li>ottenere la portabilit\u00e0 dei dati, ossia riceverli da un titolare del trattamento, in un formato strutturato, di uso comune e leggibile da dispositivo automatico, e trasmetterli ad un altro titolare del trattamento senza impedimenti.<\/li>\n\n\n\n<li>opporsi al trattamento in qualsiasi momento ed anche nel caso di trattamento per finalit\u00e0 di marketing diretto.<\/li>\n\n\n\n<li>opporsi ad un processo decisionale automatizzato relativo alle persone fisiche, compresa la profilazione.<\/li>\n\n\n\n<li>proporre un reclamo all\u2019Autorit\u00e0 Garante per la protezione dei dati Italiana.<\/li>\n<\/ul>\n\n\n\n<p>Le richieste vanno rivolte al Titolare del trattamento scrivendo a&nbsp;<a href=\"mailto:info@ravanettiecspa.it\">info@ravanettiecspa.it<\/a><\/p>\n\n\n\n<p>Ogni sforzo verr\u00e0 fatto per rendere il pi\u00f9 possibile interoperabili le funzionalit\u00e0 di questo sito con i meccanismi di controllo automatico della privacy disponibili in alcuni prodotti utilizzati dagli utenti.<\/p>\n\n\n\n<p>Considerando che lo stato di perfezionamento dei meccanismi automatici di controllo non li rende attualmente esenti da errori e disfunzioni, si precisa che il presente documento, pubblicato all\u2019indirizzo&nbsp;<a href=\"https:\/\/www.ravanettiecspa.it\/it\/privacy-policy\/\">https:\/\/www.ravanettiecspa.it\/it\/privacy-policy\/<\/a>&nbsp;costituisce la \u201cPrivacy Policy\u201d di questo sito che sar\u00e0 soggetta ad aggiornamenti (restano le varie versioni consultabili al medesimo indirizzo).<\/p>\n<\/div>\n","protected":false},"excerpt":{"rendered":"<p>LA PRIVACY POLICY DI QUESTO SITO Informativa sul trattamento dei dati personali (art. 13 GDPR 2016\/679) PERCH\u00c9 QUESTO AVVISO In [&hellip;]<\/p>\n","protected":false},"author":1,"featured_media":0,"parent":0,"menu_order":0,"comment_status":"closed","ping_status":"closed","template":"page-fullwidth","meta":{"footnotes":""},"class_list":["post-3","page","type-page","status-publish","hentry"],"_links":{"self":[{"href":"https:\/\/www.ravanettiecspa.it\/it\/wp-json\/wp\/v2\/pages\/3","targetHints":{"allow":["GET"]}}],"collection":[{"href":"https:\/\/www.ravanettiecspa.it\/it\/wp-json\/wp\/v2\/pages"}],"about":[{"href":"https:\/\/www.ravanettiecspa.it\/it\/wp-json\/wp\/v2\/types\/page"}],"author":[{"embeddable":true,"href":"https:\/\/www.ravanettiecspa.it\/it\/wp-json\/wp\/v2\/users\/1"}],"replies":[{"embeddable":true,"href":"https:\/\/www.ravanettiecspa.it\/it\/wp-json\/wp\/v2\/comments?post=3"}],"version-history":[{"count":9,"href":"https:\/\/www.ravanettiecspa.it\/it\/wp-json\/wp\/v2\/pages\/3\/revisions"}],"predecessor-version":[{"id":601,"href":"https:\/\/www.ravanettiecspa.it\/it\/wp-json\/wp\/v2\/pages\/3\/revisions\/601"}],"wp:attachment":[{"href":"https:\/\/www.ravanettiecspa.it\/it\/wp-json\/wp\/v2\/media?parent=3"}],"curies":[{"name":"wp","href":"https:\/\/api.w.org\/{rel}","templated":true}]}}

<div class="wp-block-group is-layout-constrained wp-container-core-group-is-layout-7a3688e9 wp-block-group-is-layout-constrained">
<p style="padding-top:var(--wp--preset--spacing--30)"><strong>LA PRIVACY POLICY DI QUESTO SITO</strong></p>



<p>Informativa sul trattamento dei dati personali (art. 13 GDPR 2016/679)</p>



<p style="padding-top:var(--wp--preset--spacing--30)"><strong>PERCHÉ QUESTO AVVISO</strong></p>



<p>In questa pagina si descrivono le modalità di gestione del sito in riferimento al trattamento dei dati personali degli utenti che lo consultano.<br>Si tratta di un’informativa che è resa ai sensi di art. 13 del Regolamento UE 2016/679 a coloro che interagiscono con i servizi web accessibili per via telematica a partire dall’indirizzo: <a href="https://www.ravanettiecspa.it/it/">https://www.ravanettiecspa.it/it</a>/<br>L’informativa è resa solo per il sito di Salumificio Ravanetti e C. S.r.l.&nbsp;e non anche per altri siti Web eventualmente consultati dall’utente tramite link.</p>



<p style="padding-top:var(--wp--preset--spacing--30)"><strong>TITOLARE DEL TRATTAMENTO</strong><br>A seguito della consultazione di questo sito possono essere trattati dati relativi a persone identificate o identificabili. Il Titolare del loro trattamento è Salumificio Ravanetti e C. S.r.l. con sede legale in Via I° Maggio n.2, 43035 San Michele Tiorre, Felino (PR) nella persona del Legale Rappresentante.</p>



<p style="padding-top:var(--wp--preset--spacing--30)"><strong>RESPONSABILE DELLA PROTEZIONE DEI DATI</strong><br>La figura di Responsabile della protezione dei dati (DPO) non è stata individuata in quanto la scrivente non effettua trattamenti di dati di persone fisiche rientranti nella definizione di art. 37 Regolamento Europeo GDPR 2016/679.</p>



<p style="padding-top:var(--wp--preset--spacing--30)"><strong>FINALITÀ DEL TRATTAMENTO DEI DATI</strong><br>I trattamenti connessi ai servizi web di questo sito sono curati solo da personale tecnico, oppure da eventuali autorizzati di occasionali operazioni di manutenzione.<br>I dati personali forniti dagli utenti che inoltrano richieste di adesione ai servizi offerti sono utilizzati al solo fine di eseguire il servizio o la prestazione richiesta, e sono comunicati a terzi nel solo caso in cui ciò sia a tal fine necessario.</p>



<p style="padding-top:var(--wp--preset--spacing--30)"><strong>MODALITÀ DEL TRATTAMENTO</strong><br>I dati personali sono trattati con strumenti automatizzati per il tempo strettamente necessario a conseguire gli scopi per cui sono stati raccolti. Specifiche misure di sicurezza sono osservate per prevenire la perdita dei dati, usi illeciti o non corretti e accessi non autorizzati.</p>



<p style="padding-top:var(--wp--preset--spacing--30)"><strong>CONFERIMENTO E FACOLTATIVITÀ DEL CONFERIMENTO DEI DATI</strong><br>A parte quanto specificato per i dati di navigazione, l’utente è libero di fornire i dati personali riportati nei moduli informatici (form) di richiesta al Titolare del trattamento per accedere ai servizi offerti.<br>Il loro mancato conferimento può comportare l’impossibilità di ottenere quanto richiesto.</p>



<p style="padding-top:var(--wp--preset--spacing--30);padding-bottom:0"><strong>COMUNICAZIONE DEI DATI</strong><br>I dati personali relativi al trattamento in questione non risulteranno comunicati in alcun modo a terzi.</p>



<p style="padding-top:var(--wp--preset--spacing--30)"><strong>DIFFUSIONE DEI DATI</strong><br>I dati personali trattati, in alcun modo, verranno portati a conoscenza di soggetti indeterminati.<br></p>



<p style="padding-top:var(--wp--preset--spacing--30)"> <strong>TRASFERIMENTO ALL’ESTERO</strong></p>



<p>I dati personali trattati non risulteranno trasferiti all’estero.</p>



<p style="padding-top:var(--wp--preset--spacing--30)"><strong>TIPI DI DATI TRATTATI</strong></p>



<p style="padding-top:var(--wp--preset--spacing--20)">DATI DI NAVIGAZIONE</p>



<p>I sistemi informatici e le procedure software preposte al funzionamento di questo sito Web acquisiscono, nel corso del loro normale esercizio, alcuni dati personali la cui trasmissione è implicita nell’uso dei protocolli di comunicazione di Internet. Si tratta di informazioni che non sono raccolte per essere associate a interessati identificati, ma che per loro stessa natura potrebbero, attraverso elaborazioni e associazioni con dati detenuti da terzi, permettere di identificare gli utenti. In questa categoria di dati rientrano gli indirizzi IP o i nomi a dominio dei computer utilizzati dagli utenti che si connettono al sito, gli indirizzi in notazione URI (Uniform Resource Identifier) delle risorse richieste, l’orario della richiesta, il metodo utilizzato nel sottoporre la richiesta al server, la dimensione del file ottenuto in risposta, il codice numerico indicante lo stato della risposta data dal server (buon fine, errore, ecc.) e altri parametri relativi al sistema operativo e all’ambiente informatico dell’utente. Questi dati vengono utilizzati al solo fine di ricavare informazioni statistiche anonime sull’uso del sito e per controllarne il corretto funzionamento e vengono cancellati immediatamente dopo l’elaborazione. I dati potrebbero essere utilizzati per l’accertamento di responsabilità in caso di ipotetici reati informatici ai danni del sito.</p>



<p style="padding-top:var(--wp--preset--spacing--20)">DATI FORNITI VOLONTARIAMENTE DALL’UTENTE</p>



<p>L’invio facoltativo, esplicito e volontario di posta elettronica o altri dati attraverso i&nbsp;form&nbsp;presenti su questo sito, o attraverso gli eventuali indirizzi indicati su questo sito comporta la successiva acquisizione dell’indirizzo del mittente, necessario per rispondere alle richieste, nonché degli eventuali altri dati personali inseriti nella missiva.</p>



<p>Specifiche informative di sintesi verranno progressivamente riportate o visualizzate nelle pagine del sito predisposte per particolari servizi a richiesta.</p>



<p style="padding-top:var(--wp--preset--spacing--20);padding-bottom:0">COOKIE</p>



<p>La descrizione della tipologia di cookie utilizzati, loro gestione di utilizzo e finalità, è rimandata al paragrafo “Cookie Policy” nel documento pubblicato su questo sito web.</p>



<p style="padding-top:var(--wp--preset--spacing--30)"><strong>PERIODO DI CONSERVAZIONE DEI DATI:</strong></p>



<p>I dati personali sono trattati con strumenti automatizzati per il tempo strettamente necessario a conseguire gli scopi per cui sono stati raccolti.</p>



<p style="padding-top:var(--wp--preset--spacing--30)"><strong>DIRITTI DELL’INTERESSATO (GDPR artt. 15-22)</strong></p>



<p>In ogni momento, l’interessato potrà esercitare il diritto di:</p>



<ul class="wp-block-list">
<li>chiedere la conferma dell’esistenza o meno di propri dati personali.</li>



<li>ottenere le indicazioni circa le finalità del trattamento, le categorie dei dati personali, i destinatari o le categorie di destinatari a cui i dati personali sono stati o saranno comunicati e, quando possibile, il periodo di conservazione.</li>



<li>ottenere la rettifica e la cancellazione dei dati.</li>



<li>ottenere la limitazione del trattamento.</li>



<li>ottenere la portabilità dei dati, ossia riceverli da un titolare del trattamento, in un formato strutturato, di uso comune e leggibile da dispositivo automatico, e trasmetterli ad un altro titolare del trattamento senza impedimenti.</li>



<li>opporsi al trattamento in qualsiasi momento ed anche nel caso di trattamento per finalità di marketing diretto.</li>



<li>opporsi ad un processo decisionale automatizzato relativo alle persone fisiche, compresa la profilazione.</li>



<li>proporre un reclamo all’Autorità Garante per la protezione dei dati Italiana.</li>
</ul>



<p>Le richieste vanno rivolte al Titolare del trattamento scrivendo a&nbsp;<a href="mailto:info@ravanettiecspa.it">info@ravanettiecspa.it</a></p>



<p>Ogni sforzo verrà fatto per rendere il più possibile interoperabili le funzionalità di questo sito con i meccanismi di controllo automatico della privacy disponibili in alcuni prodotti utilizzati dagli utenti.</p>



<p>Considerando che lo stato di perfezionamento dei meccanismi automatici di controllo non li rende attualmente esenti da errori e disfunzioni, si precisa che il presente documento, pubblicato all’indirizzo&nbsp;<a href="https://www.ravanettiecspa.it/it/privacy-policy/">https://www.ravanettiecspa.it/it/privacy-policy/</a>&nbsp;costituisce la “Privacy Policy” di questo sito che sarà soggetta ad aggiornamenti (restano le varie versioni consultabili al medesimo indirizzo).</p>
</div>

<p>LA PRIVACY POLICY DI QUESTO SITO Informativa sul trattamento dei dati personali (art. 13 GDPR 2016/679) PERCHÉ QUESTO AVVISO In [&hellip;]</p>
